{"id":44,"date":"2018-01-16T16:23:49","date_gmt":"2018-01-16T15:23:49","guid":{"rendered":"http:\/\/greenmoow.com\/?page_id=44"},"modified":"2018-01-25T20:02:45","modified_gmt":"2018-01-25T19:02:45","slug":"ktm","status":"publish","type":"page","link":"http:\/\/greenmoow.com\/index.php\/ktm\/","title":{"rendered":"KTM Bike industries"},"content":{"rendered":"<p><a href=\"http:\/\/greenmoow.com\/wp-content\/uploads\/2018\/01\/63652.jpg\">\u00a0<\/a><\/p>\n<p><img loading=\"lazy\" decoding=\"async\" class=\"alignnone wp-image-80 size-large\" src=\"http:\/\/greenmoow.com\/wp-content\/uploads\/2018\/01\/KTM_Macina_Kapohoo-1024x683.jpg\" alt=\"\" width=\"525\" height=\"350\" srcset=\"http:\/\/greenmoow.com\/wp-content\/uploads\/2018\/01\/KTM_Macina_Kapohoo-1024x683.jpg 1024w, http:\/\/greenmoow.com\/wp-content\/uploads\/2018\/01\/KTM_Macina_Kapohoo-scaled-600x400.jpg 600w, http:\/\/greenmoow.com\/wp-content\/uploads\/2018\/01\/KTM_Macina_Kapohoo-300x200.jpg 300w, http:\/\/greenmoow.com\/wp-content\/uploads\/2018\/01\/KTM_Macina_Kapohoo-768x512.jpg 768w\" sizes=\"(max-width: 525px) 100vw, 525px\" \/><\/p>\n<h2>VTT \u00e9lectrique<\/h2>\n<p>Dot\u00e9 d&rsquo;une assistance \u00e9lectrique Bosch dont la r\u00e9putation dans le domaine de l&rsquo;\u00e9lectronique n&rsquo;est plus \u00e0 faire. Les diff\u00e9rents mod\u00e8les de\u00a0<a href=\"https:\/\/www.ecycle.fr\/catalogue\/vtt-electrique\/\"><strong>VTT \u00e9lectrique<\/strong><\/a>\u00a0pour homme et femme de la marque autrichienne KTM sauront r\u00e9pondre \u00e0 toutes vos attentes.<br \/>\nLes VTT \u00e9lectriques KTM disposent d&rsquo;une belle finition et sont tr\u00e8s bien \u00e9quip\u00e9s tout en ayant un design sympathique et discret.<br \/>\nC\u00f4t\u00e9 \u00e9quipement, on retrouve des groupes de transmission Shimano et SRAM .Vous retrouverez aussi bien des mod\u00e8les semi-rigide que des tout-suspendu .<br \/>\n<a href=\"https:\/\/www.ecycle.fr\/catalogue\/ktm\/\"><strong>KTM<\/strong><\/a>\u00a0fait confiance \u00e0 Bosch pour le choix de sa motorisation de 250W situ\u00e9 sous la bo\u00eete de p\u00e9dalier ce qui permet d&rsquo;avoir un centre de gravit\u00e9 tr\u00e8s bas et un \u00e9quilibre du v\u00e9lo inchang\u00e9 par rapport \u00e0 une VTT classique.<br \/>\nLa batterie Bosch de 400 ou 500Wh fourni suffisamment de puissance pour une autonomie entre 70 et 150 kilom\u00e8tres en fonction des mod\u00e8les et en fonction de la discipline du VTT que vous souhaitez faire.<br \/>\n<strong>Pour plus de renseignements sur le choix d&rsquo;un VTT \u00e9l\u00e9ctrique KTM, n&rsquo;h\u00e9sitez pas \u00e0 nous contacter au magasin<\/strong><\/p>\n","protected":false},"excerpt":{"rendered":"<p>\u00a0 VTT \u00e9lectrique Dot\u00e9 d&rsquo;une assistance \u00e9lectrique Bosch dont la r\u00e9putation dans le domaine de l&rsquo;\u00e9lectronique n&rsquo;est plus \u00e0 faire. Les diff\u00e9rents mod\u00e8les de\u00a0VTT \u00e9lectrique\u00a0pour homme et femme de la marque autrichienne KTM sauront r\u00e9pondre \u00e0 toutes vos attentes. Les VTT \u00e9lectriques KTM disposent d&rsquo;une belle finition et sont tr\u00e8s bien \u00e9quip\u00e9s tout en ayant un design sympathique et discret. C\u00f4t\u00e9 \u00e9quipement, on retrouve des groupes de transmission Shimano et SRAM .Vous retrouverez aussi bien des mod\u00e8les semi-rigide que des tout-suspendu . KTM\u00a0fait confiance \u00e0 Bosch pour le choix de sa motorisation de 250W situ\u00e9 sous la bo\u00eete de p\u00e9dalier ce qui permet d&rsquo;avoir un centre de gravit\u00e9 tr\u00e8s bas et un \u00e9quilibre du v\u00e9lo inchang\u00e9 par rapport \u00e0 une [&hellip;]<\/p>\n","protected":false},"author":1,"featured_media":0,"parent":0,"menu_order":0,"comment_status":"closed","ping_status":"closed","template":"","meta":{"footnotes":""},"_links":{"self":[{"href":"http:\/\/greenmoow.com\/index.php\/wp-json\/wp\/v2\/pages\/44"}],"collection":[{"href":"http:\/\/greenmoow.com\/index.php\/wp-json\/wp\/v2\/pages"}],"about":[{"href":"http:\/\/greenmoow.com\/index.php\/wp-json\/wp\/v2\/types\/page"}],"author":[{"embeddable":true,"href":"http:\/\/greenmoow.com\/index.php\/wp-json\/wp\/v2\/users\/1"}],"replies":[{"embeddable":true,"href":"http:\/\/greenmoow.com\/index.php\/wp-json\/wp\/v2\/comments?post=44"}],"version-history":[{"count":7,"href":"http:\/\/greenmoow.com\/index.php\/wp-json\/wp\/v2\/pages\/44\/revisions"}],"predecessor-version":[{"id":109,"href":"http:\/\/greenmoow.com\/index.php\/wp-json\/wp\/v2\/pages\/44\/revisions\/109"}],"wp:attachment":[{"href":"http:\/\/greenmoow.com\/index.php\/wp-json\/wp\/v2\/media?parent=44"}],"curies":[{"name":"wp","href":"https:\/\/api.w.org\/{rel}","templated":true}]}}