{"id":11185,"date":"2024-01-16T18:20:58","date_gmt":"2024-01-16T17:20:58","guid":{"rendered":"https:\/\/greenmoow.com\/?page_id=11185"},"modified":"2024-10-04T19:12:28","modified_gmt":"2024-10-04T17:12:28","slug":"murtas-motorcyles","status":"publish","type":"page","link":"https:\/\/greenmoow.com\/index.php\/murtas-motorcyles\/","title":{"rendered":"MURTAS Motorcyles   :  SCOOTER ET MOTO"},"content":{"rendered":"\n<figure class=\"wp-block-image size-large\"><img loading=\"lazy\" decoding=\"async\" width=\"1024\" height=\"683\" src=\"https:\/\/greenmoow.com\/wp-content\/uploads\/2024\/01\/Murtas-Motorcycles-MX-Powerful-125cc-Electric-Scooter-5-1024x683.jpg\" alt=\"\" class=\"wp-image-11187\" srcset=\"https:\/\/greenmoow.com\/wp-content\/uploads\/2024\/01\/Murtas-Motorcycles-MX-Powerful-125cc-Electric-Scooter-5-1024x683.jpg 1024w, https:\/\/greenmoow.com\/wp-content\/uploads\/2024\/01\/Murtas-Motorcycles-MX-Powerful-125cc-Electric-Scooter-5-300x200.jpg 300w, https:\/\/greenmoow.com\/wp-content\/uploads\/2024\/01\/Murtas-Motorcycles-MX-Powerful-125cc-Electric-Scooter-5-768x512.jpg 768w, https:\/\/greenmoow.com\/wp-content\/uploads\/2024\/01\/Murtas-Motorcycles-MX-Powerful-125cc-Electric-Scooter-5-830x553.jpg 830w, https:\/\/greenmoow.com\/wp-content\/uploads\/2024\/01\/Murtas-Motorcycles-MX-Powerful-125cc-Electric-Scooter-5-230x153.jpg 230w, https:\/\/greenmoow.com\/wp-content\/uploads\/2024\/01\/Murtas-Motorcycles-MX-Powerful-125cc-Electric-Scooter-5-350x233.jpg 350w, https:\/\/greenmoow.com\/wp-content\/uploads\/2024\/01\/Murtas-Motorcycles-MX-Powerful-125cc-Electric-Scooter-5-480x320.jpg 480w, https:\/\/greenmoow.com\/wp-content\/uploads\/2024\/01\/Murtas-Motorcycles-MX-Powerful-125cc-Electric-Scooter-5-600x400.jpg 600w, https:\/\/greenmoow.com\/wp-content\/uploads\/2024\/01\/Murtas-Motorcycles-MX-Powerful-125cc-Electric-Scooter-5.jpg 1500w\" sizes=\"(max-width: 1024px) 100vw, 1024px\" \/><\/figure>\n\n\n\n<p>Murtas Motorcycles est une entreprise fran\u00e7aise sp\u00e9cialis\u00e9e dans la fabrication de scooters \u00e9lectriques de la cat\u00e9gorie L3e (\u00e9quivalent 125cc) . Elle a \u00e9t\u00e9 fond\u00e9e en 2023 par Patrice Murtas et est bas\u00e9e \u00e0 Pierrelatte, pr\u00e8s de Mont\u00e9limar . La marque propose deux mod\u00e8les de scooters \u00e9lectriques, le MX1 et le MX2, qui se distinguent par leur puissance, leur autonomie, leur prix et leur design . Le MX2 peut atteindre une vitesse maximale de 115 km\/h et a une autonomie allant jusqu\u2019\u00e0 200 km . Les scooters \u00e9lectriques de Murtas Motorcycles sont con\u00e7us pour offrir une exp\u00e9rience de conduite agr\u00e9able et dynamique .<\/p>\n\n\n\n<figure class=\"wp-block-image size-large\"><img loading=\"lazy\" decoding=\"async\" width=\"1024\" height=\"735\" src=\"https:\/\/greenmoow.com\/wp-content\/uploads\/2024\/01\/Technical-Specifications-Murtas-MX1-MX2-1024x735.png\" alt=\"\" class=\"wp-image-11188\" srcset=\"https:\/\/greenmoow.com\/wp-content\/uploads\/2024\/01\/Technical-Specifications-Murtas-MX1-MX2-1024x735.png 1024w, https:\/\/greenmoow.com\/wp-content\/uploads\/2024\/01\/Technical-Specifications-Murtas-MX1-MX2-300x215.png 300w, https:\/\/greenmoow.com\/wp-content\/uploads\/2024\/01\/Technical-Specifications-Murtas-MX1-MX2-768x551.png 768w, https:\/\/greenmoow.com\/wp-content\/uploads\/2024\/01\/Technical-Specifications-Murtas-MX1-MX2-1536x1103.png 1536w, https:\/\/greenmoow.com\/wp-content\/uploads\/2024\/01\/Technical-Specifications-Murtas-MX1-MX2-830x596.png 830w, https:\/\/greenmoow.com\/wp-content\/uploads\/2024\/01\/Technical-Specifications-Murtas-MX1-MX2-230x165.png 230w, https:\/\/greenmoow.com\/wp-content\/uploads\/2024\/01\/Technical-Specifications-Murtas-MX1-MX2-350x251.png 350w, https:\/\/greenmoow.com\/wp-content\/uploads\/2024\/01\/Technical-Specifications-Murtas-MX1-MX2-480x345.png 480w, https:\/\/greenmoow.com\/wp-content\/uploads\/2024\/01\/Technical-Specifications-Murtas-MX1-MX2-600x431.png 600w, https:\/\/greenmoow.com\/wp-content\/uploads\/2024\/01\/Technical-Specifications-Murtas-MX1-MX2.png 1733w\" sizes=\"(max-width: 1024px) 100vw, 1024px\" \/><\/figure>\n\n\n\n<figure class=\"wp-block-image size-large\"><img loading=\"lazy\" decoding=\"async\" width=\"1024\" height=\"478\" src=\"https:\/\/greenmoow.com\/wp-content\/uploads\/2024\/10\/20241004_185625-1024x478.jpg\" alt=\"\" class=\"wp-image-11214\" srcset=\"https:\/\/greenmoow.com\/wp-content\/uploads\/2024\/10\/20241004_185625-1024x478.jpg 1024w, https:\/\/greenmoow.com\/wp-content\/uploads\/2024\/10\/20241004_185625-300x140.jpg 300w, https:\/\/greenmoow.com\/wp-content\/uploads\/2024\/10\/20241004_185625-768x359.jpg 768w, https:\/\/greenmoow.com\/wp-content\/uploads\/2024\/10\/20241004_185625-1536x717.jpg 1536w, https:\/\/greenmoow.com\/wp-content\/uploads\/2024\/10\/20241004_185625-2048x956.jpg 2048w, https:\/\/greenmoow.com\/wp-content\/uploads\/2024\/10\/20241004_185625-830x388.jpg 830w, https:\/\/greenmoow.com\/wp-content\/uploads\/2024\/10\/20241004_185625-230x107.jpg 230w, https:\/\/greenmoow.com\/wp-content\/uploads\/2024\/10\/20241004_185625-350x163.jpg 350w, https:\/\/greenmoow.com\/wp-content\/uploads\/2024\/10\/20241004_185625-480x224.jpg 480w\" sizes=\"(max-width: 1024px) 100vw, 1024px\" \/><\/figure>\n\n\n\n<figure class=\"wp-block-image size-large\"><img loading=\"lazy\" decoding=\"async\" width=\"1024\" height=\"824\" src=\"https:\/\/greenmoow.com\/wp-content\/uploads\/2024\/10\/specification-Murtas-TX-moto-electrique-3-1024x824.jpeg\" alt=\"\" class=\"wp-image-11213\" srcset=\"https:\/\/greenmoow.com\/wp-content\/uploads\/2024\/10\/specification-Murtas-TX-moto-electrique-3-1024x824.jpeg 1024w, https:\/\/greenmoow.com\/wp-content\/uploads\/2024\/10\/specification-Murtas-TX-moto-electrique-3-300x241.jpeg 300w, https:\/\/greenmoow.com\/wp-content\/uploads\/2024\/10\/specification-Murtas-TX-moto-electrique-3-768x618.jpeg 768w, https:\/\/greenmoow.com\/wp-content\/uploads\/2024\/10\/specification-Murtas-TX-moto-electrique-3-830x668.jpeg 830w, https:\/\/greenmoow.com\/wp-content\/uploads\/2024\/10\/specification-Murtas-TX-moto-electrique-3-230x185.jpeg 230w, https:\/\/greenmoow.com\/wp-content\/uploads\/2024\/10\/specification-Murtas-TX-moto-electrique-3-350x282.jpeg 350w, https:\/\/greenmoow.com\/wp-content\/uploads\/2024\/10\/specification-Murtas-TX-moto-electrique-3-480x386.jpeg 480w, https:\/\/greenmoow.com\/wp-content\/uploads\/2024\/10\/specification-Murtas-TX-moto-electrique-3.jpeg 1201w\" sizes=\"(max-width: 1024px) 100vw, 1024px\" \/><\/figure>\n\n\n\nhttps:\/\/murtasmotorcycles.com\/\n","protected":false},"excerpt":{"rendered":"<p>Murtas Motorcycles est une entreprise fran\u00e7aise sp\u00e9cialis\u00e9e dans la fabrication de scooters \u00e9lectriques de la cat\u00e9gorie L3e (\u00e9quivalent 125cc) . Elle a \u00e9t\u00e9 fond\u00e9e en 2023 par Patrice Murtas et est bas\u00e9e \u00e0 Pierrelatte, pr\u00e8s de Mont\u00e9limar . La marque propose deux mod\u00e8les de scooters \u00e9lectriques, le MX1 et le MX2, qui se distinguent par leur puissance, leur autonomie, leur prix et leur design . Le MX2 peut atteindre une vitesse maximale de 115 km\/h et a une autonomie allant jusqu\u2019\u00e0 200 km . Les scooters \u00e9lectriques de Murtas Motorcycles sont con\u00e7us pour offrir une exp\u00e9rience de conduite agr\u00e9able et dynamique . https:\/\/murtasmotorcycles.com\/<\/p>\n","protected":false},"author":1,"featured_media":0,"parent":0,"menu_order":0,"comment_status":"closed","ping_status":"closed","template":"","meta":{"footnotes":""},"_links":{"self":[{"href":"https:\/\/greenmoow.com\/index.php\/wp-json\/wp\/v2\/pages\/11185"}],"collection":[{"href":"https:\/\/greenmoow.com\/index.php\/wp-json\/wp\/v2\/pages"}],"about":[{"href":"https:\/\/greenmoow.com\/index.php\/wp-json\/wp\/v2\/types\/page"}],"author":[{"embeddable":true,"href":"https:\/\/greenmoow.com\/index.php\/wp-json\/wp\/v2\/users\/1"}],"replies":[{"embeddable":true,"href":"https:\/\/greenmoow.com\/index.php\/wp-json\/wp\/v2\/comments?post=11185"}],"version-history":[{"count":3,"href":"https:\/\/greenmoow.com\/index.php\/wp-json\/wp\/v2\/pages\/11185\/revisions"}],"predecessor-version":[{"id":11216,"href":"https:\/\/greenmoow.com\/index.php\/wp-json\/wp\/v2\/pages\/11185\/revisions\/11216"}],"wp:attachment":[{"href":"https:\/\/greenmoow.com\/index.php\/wp-json\/wp\/v2\/media?parent=11185"}],"curies":[{"name":"wp","href":"https:\/\/api.w.org\/{rel}","templated":true}]}}