{"id":322,"date":"2018-02-18T19:58:12","date_gmt":"2018-02-18T18:58:12","guid":{"rendered":"http:\/\/greenmoow.com\/?page_id=322"},"modified":"2018-09-06T20:31:36","modified_gmt":"2018-09-06T18:31:36","slug":"centre-smartfit","status":"publish","type":"page","link":"https:\/\/greenmoow.com\/index.php\/centre-smartfit\/","title":{"rendered":"Centre \u00e9tude posturale Smartfit"},"content":{"rendered":"<h1 style=\"text-align: center;\">Showroom GreenMoow :<\/h1>\n<h1 style=\"text-align: center;\">Le premier centre Smartfit Bike en France<\/h1>\n<p style=\"text-align: center;\"><img loading=\"lazy\" decoding=\"async\" class=\"aligncenter wp-image-423 size-full\" src=\"http:\/\/greenmoow.com\/wp-content\/uploads\/2018\/03\/smartfit-1-mars18.jpg\" alt=\"\" width=\"3677\" height=\"1842\" \/><\/p>\n<h3 id=\"tw-target-text\" class=\"tw-data-text tw-ta tw-text-small\" dir=\"ltr\" style=\"text-align: center;\" data-placeholder=\"Traduction\"><span lang=\"fr\">Une position d&rsquo;assise optimis\u00e9e assure une transmission de puissance id\u00e9ale et r\u00e9duit l&rsquo;inconfort Pour vos objectifs personnels et vos r\u00e9clamations, nous utilisons des m\u00e9thodes scientifiques pour ajuster votre v\u00e9lo de fa\u00e7on optimale: mesure du corps en 14 points, analyse dynamique du mouvement et de la vid\u00e9o. Offrez-vous le programme professionnel complet avec une analyse individuelle haut de gamme. Pour une optimisation \u00e0 100% en utilisant les derni\u00e8res technologies de mesure et m\u00e9thodes d&rsquo;analyse.<\/span><\/h3>\n<h3 class=\"tw-data-text tw-ta tw-text-small\" dir=\"ltr\" style=\"text-align: center;\" data-placeholder=\"Traduction\"><span lang=\"fr\"><br \/>\n<img loading=\"lazy\" decoding=\"async\" class=\"aligncenter wp-image-426 size-full\" src=\"http:\/\/greenmoow.com\/wp-content\/uploads\/2018\/03\/smartftit02-mars18.jpg\" alt=\"\" width=\"8164\" height=\"1653\" \/><img loading=\"lazy\" decoding=\"async\" class=\"aligncenter wp-image-515 size-medium\" src=\"http:\/\/greenmoow.com\/wp-content\/uploads\/2018\/09\/homme-smartfit-71x300.jpg\" alt=\"\" width=\"71\" height=\"300\" srcset=\"https:\/\/greenmoow.com\/wp-content\/uploads\/2018\/09\/homme-smartfit-71x300.jpg 71w, https:\/\/greenmoow.com\/wp-content\/uploads\/2018\/09\/homme-smartfit-scaled-600x2543.jpg 600w, https:\/\/greenmoow.com\/wp-content\/uploads\/2018\/09\/homme-smartfit-768x3258.jpg 768w, https:\/\/greenmoow.com\/wp-content\/uploads\/2018\/09\/homme-smartfit-230x976.jpg 230w, https:\/\/greenmoow.com\/wp-content\/uploads\/2018\/09\/homme-smartfit-350x1485.jpg 350w, https:\/\/greenmoow.com\/wp-content\/uploads\/2018\/09\/homme-smartfit-480x2036.jpg 480w, https:\/\/greenmoow.com\/wp-content\/uploads\/2018\/09\/homme-smartfit-scaled.jpg 604w\" sizes=\"(max-width: 71px) 100vw, 71px\" \/><span style=\"color: #000000;\"><a style=\"font-size: 16px; font-weight: 400; color: #000000;\" href=\"http:\/\/greenmoow.com\/wp-content\/uploads\/2018\/09\/Prestations-Centre-Smartfit-Lyon.pdf\">Prestations Centre Smartfit Lyon<\/a><\/span><\/span><\/h3>\n<h3 class=\"tw-data-text tw-ta tw-text-small\" dir=\"ltr\" style=\"text-align: center;\" data-placeholder=\"Traduction\"><span lang=\"fr\"><img loading=\"lazy\" decoding=\"async\" class=\"alignnone size-medium wp-image-520\" src=\"http:\/\/greenmoow.com\/wp-content\/uploads\/2018\/09\/MTBike-300x232.jpg\" alt=\"\" width=\"300\" height=\"232\" srcset=\"https:\/\/greenmoow.com\/wp-content\/uploads\/2018\/09\/MTBike-300x232.jpg 300w, https:\/\/greenmoow.com\/wp-content\/uploads\/2018\/09\/MTBike-600x463.jpg 600w, https:\/\/greenmoow.com\/wp-content\/uploads\/2018\/09\/MTBike-230x178.jpg 230w, https:\/\/greenmoow.com\/wp-content\/uploads\/2018\/09\/MTBike-350x270.jpg 350w, https:\/\/greenmoow.com\/wp-content\/uploads\/2018\/09\/MTBike-480x371.jpg 480w, https:\/\/greenmoow.com\/wp-content\/uploads\/2018\/09\/MTBike.jpg 624w\" sizes=\"(max-width: 300px) 100vw, 300px\" \/> \u00a0<img loading=\"lazy\" decoding=\"async\" class=\"alignnone size-medium wp-image-518\" src=\"http:\/\/greenmoow.com\/wp-content\/uploads\/2018\/09\/Mann_abmessungen3-190x513-111x300.png\" alt=\"\" width=\"111\" height=\"300\" srcset=\"https:\/\/greenmoow.com\/wp-content\/uploads\/2018\/09\/Mann_abmessungen3-190x513-111x300.png 111w, https:\/\/greenmoow.com\/wp-content\/uploads\/2018\/09\/Mann_abmessungen3-190x513.png 190w\" sizes=\"(max-width: 111px) 100vw, 111px\" \/> <img loading=\"lazy\" decoding=\"async\" class=\"alignnone size-medium wp-image-519\" src=\"http:\/\/greenmoow.com\/wp-content\/uploads\/2018\/09\/Rennrad-300x232.jpg\" alt=\"\" width=\"300\" height=\"232\" srcset=\"https:\/\/greenmoow.com\/wp-content\/uploads\/2018\/09\/Rennrad-300x232.jpg 300w, https:\/\/greenmoow.com\/wp-content\/uploads\/2018\/09\/Rennrad-600x463.jpg 600w, https:\/\/greenmoow.com\/wp-content\/uploads\/2018\/09\/Rennrad-230x178.jpg 230w, https:\/\/greenmoow.com\/wp-content\/uploads\/2018\/09\/Rennrad-350x270.jpg 350w, https:\/\/greenmoow.com\/wp-content\/uploads\/2018\/09\/Rennrad-480x371.jpg 480w, https:\/\/greenmoow.com\/wp-content\/uploads\/2018\/09\/Rennrad.jpg 624w\" sizes=\"(max-width: 300px) 100vw, 300px\" \/><img loading=\"lazy\" decoding=\"async\" class=\"alignnone size-medium wp-image-517\" style=\"font-size: 16px;\" src=\"http:\/\/greenmoow.com\/wp-content\/uploads\/2018\/09\/Frau_abmessungen3-190x513-111x300.png\" alt=\"\" width=\"111\" height=\"300\" srcset=\"https:\/\/greenmoow.com\/wp-content\/uploads\/2018\/09\/Frau_abmessungen3-190x513-111x300.png 111w, https:\/\/greenmoow.com\/wp-content\/uploads\/2018\/09\/Frau_abmessungen3-190x513.png 190w\" sizes=\"(max-width: 111px) 100vw, 111px\" \/><img loading=\"lazy\" decoding=\"async\" class=\"alignnone size-medium wp-image-521\" style=\"font-size: 16px;\" src=\"http:\/\/greenmoow.com\/wp-content\/uploads\/2018\/09\/Aerobike-385x297-300x231.jpg\" alt=\"\" width=\"300\" height=\"231\" srcset=\"https:\/\/greenmoow.com\/wp-content\/uploads\/2018\/09\/Aerobike-385x297-300x231.jpg 300w, https:\/\/greenmoow.com\/wp-content\/uploads\/2018\/09\/Aerobike-385x297-230x177.jpg 230w, https:\/\/greenmoow.com\/wp-content\/uploads\/2018\/09\/Aerobike-385x297-350x270.jpg 350w, https:\/\/greenmoow.com\/wp-content\/uploads\/2018\/09\/Aerobike-385x297.jpg 385w\" sizes=\"(max-width: 300px) 100vw, 300px\" \/><\/span><\/h3>\n<p>&nbsp;<\/p>\n","protected":false},"excerpt":{"rendered":"<p>Showroom GreenMoow : Le premier centre Smartfit Bike en France Une position d&rsquo;assise optimis\u00e9e assure une transmission de puissance id\u00e9ale et r\u00e9duit l&rsquo;inconfort Pour vos objectifs personnels et vos r\u00e9clamations, nous utilisons des m\u00e9thodes scientifiques pour ajuster votre v\u00e9lo de fa\u00e7on optimale: mesure du corps en 14 points, analyse dynamique du mouvement et de la vid\u00e9o. Offrez-vous le programme professionnel complet avec une analyse individuelle haut de gamme. Pour une optimisation \u00e0 100% en utilisant les derni\u00e8res technologies de mesure et m\u00e9thodes d&rsquo;analyse. Prestations Centre Smartfit Lyon \u00a0 &nbsp;<\/p>\n","protected":false},"author":1,"featured_media":0,"parent":0,"menu_order":0,"comment_status":"closed","ping_status":"closed","template":"","meta":{"footnotes":""},"_links":{"self":[{"href":"https:\/\/greenmoow.com\/index.php\/wp-json\/wp\/v2\/pages\/322"}],"collection":[{"href":"https:\/\/greenmoow.com\/index.php\/wp-json\/wp\/v2\/pages"}],"about":[{"href":"https:\/\/greenmoow.com\/index.php\/wp-json\/wp\/v2\/types\/page"}],"author":[{"embeddable":true,"href":"https:\/\/greenmoow.com\/index.php\/wp-json\/wp\/v2\/users\/1"}],"replies":[{"embeddable":true,"href":"https:\/\/greenmoow.com\/index.php\/wp-json\/wp\/v2\/comments?post=322"}],"version-history":[{"count":17,"href":"https:\/\/greenmoow.com\/index.php\/wp-json\/wp\/v2\/pages\/322\/revisions"}],"predecessor-version":[{"id":525,"href":"https:\/\/greenmoow.com\/index.php\/wp-json\/wp\/v2\/pages\/322\/revisions\/525"}],"wp:attachment":[{"href":"https:\/\/greenmoow.com\/index.php\/wp-json\/wp\/v2\/media?parent=322"}],"curies":[{"name":"wp","href":"https:\/\/api.w.org\/{rel}","templated":true}]}}